{"id":9,"date":"2012-04-15T16:29:08","date_gmt":"2012-04-15T16:29:08","guid":{"rendered":"http:\/\/www.briese.spencker.de\/?page_id=9"},"modified":"2016-08-02T09:23:46","modified_gmt":"2016-08-02T09:23:46","slug":"der-komponist","status":"publish","type":"page","link":"https:\/\/www.van-tied-to-tied.de\/?page_id=9","title":{"rendered":"Der Komponist"},"content":{"rendered":"<p>Klaus Spencker<br \/>\nJahrgang 1964. Geboren in Aurich.<\/p>\n<p>Jazzgitarrist und Dipl. Musikp\u00e4dagoge<br \/>\nDozent f\u00fcr E \u2013 Gitarre an der Universit\u00e4t Hildesheim<br \/>\nDesigner<\/p>\n<p><a title=\"Homepage Klaus Spencker\" href=\"http:\/\/www.spencker.de\" target=\"_blank\">www.spencker.de<\/a><\/p>\n<h2>Biografisches<\/h2>\n<p><strong><a href=\"http:\/\/www.briese.spencker.de\/wp-content\/uploads\/2012\/04\/Klaus-Spencker02_250.jpg\"><br \/>\n<\/a><a href=\"http:\/\/www.briese.spencker.de\/wp-content\/uploads\/2012\/04\/Klaus-Spencker09_250.jpg\"><img decoding=\"async\" loading=\"lazy\" class=\"alignnone size-full wp-image-192\" title=\"Klaus-Spencker09_250\" src=\"http:\/\/www.briese.spencker.de\/wp-content\/uploads\/2012\/04\/Klaus-Spencker09_250.jpg\" alt=\"\" width=\"250\" height=\"234\" \/><\/a><\/strong><\/p>\n<p><strong>1985 &#8211; 86<br \/>\n<\/strong>Carl von Ossietzky Universit\u00e4t Oldenburg, Studium Musik und Deutsch<\/p>\n<p><strong>1987 &#8211; 91<\/strong><br \/>\nMusikhochschule Hannover, Diplomstudiengang Popularmusik<br \/>\nMusikhochschule Hamburg, Kontaktstudium Popularmusik<\/p>\n<p><strong>seit 1990<\/strong><br \/>\nDozent f\u00fcr E \u2013 Gitarre an der Universit\u00e4t Hildesheim<\/p>\n<p><strong>1990 &#8211; 94<\/strong><br \/>\nFreier Musiker<br \/>\nCD Produktion <a title=\"CD Invisible\" href=\"http:\/\/www.spencker.de\/wp\/?page_id=2\" target=\"_blank\">&#8222;Invisible&#8220;<\/a> &#8211; Klaus Spencker Trio mit Olaf Casimir und Willi Hanne<br \/>\nWorkshops u.a. bei\u00a0Jim Hall und John Abercrombie<br \/>\nF\u00f6rderpreis Internationaler Jazzworkshop Trier<\/p>\n<p><strong>1995 &#8211; 96<\/strong><br \/>\nStipendiat am Berklee College of Music in Boston\/USA, Performance<\/p>\n<p>Studium, Privatunterricht und Clinics bei:<br \/>\nEd Tomassi, Hal Crook, Rick Peckham, John Damien, Mick Goodrick, Jim Hall, John Scofield, John Abercrombie, Pat Martino, Dave Liebmann und Joe Lovano;<\/p>\n<p>Awards und Stipendien:<br \/>\nBerklee in Germany Scholarship<br \/>\nBerklee Best Scholarship<br \/>\nChair Award des Berklee Guitar Departments<\/p>\n<p>Mitglied des Berklee Concert Jazz Orchesters 1995\/96, Lt. Greg Hopkins;<\/p>\n<p><strong>1997 &#8211; 2000<\/strong><br \/>\nFreier Musiker mit Wohnsitz in Berlin<br \/>\nCD Produktion <a title=\"CD Somewhere in America\" href=\"http:\/\/www.spencker.de\/wp\/?page_id=2\" target=\"_blank\">&#8222;Somewhere in America&#8220;<\/a> &#8211; Klaus Spencker Quartett mit Wolf Kerschek, Andreas Henze und Bertram Lehmann<br \/>\nMitwirkung in Produktionen am Deutschen Theater G\u00f6ttingen und Berlin<\/p>\n<p><strong>2000 &#8211; 2009<\/strong><br \/>\nDesigner, Entwickler und Art Director u. a. f\u00fcr die Berliner online Kommunikationsagentur A&amp;B face2net<br \/>\nOnline Projekte und Kampagnen\u00a0u. a. f\u00fcr die SPD und die Bundesministerien f\u00fcr Wirtschaft, Gesundheit, Arbeit &amp; Soziales<br \/>\nIn diesem Zusammenhang beteiligt an drei Online &#8211; Bundestagswahlk\u00e4mpfen der SPD<\/p>\n<p>Deutscher Multimedia Award 2006 (A&amp;B face2net)<br \/>\nAnnual Multimedia 2007\u00a0(A&amp;B face2net)<br \/>\nShortlist Deutscher PR Preis 2008\u00a0(A&amp;B face2net, A&amp;B One)<\/p>\n<p><strong>2010 \u2013 11<br \/>\n<\/strong>CD Produktion \u201cDecember\u201d \u2013 Klaus Spencker Trio mit Marc Muellbauer und Heinrich K\u00f6bberling<br \/>\nDiv. Gastspiele, u. a. beim Musikalischen Sommer Ostfriesland und auf der Jazzwoche Hannover<br \/>\nEinstieg bei der Big Band \u201cFette Hupe\u201d<br \/>\nGr\u00fcndung des Duos f\u00fcr experimentelle elektronische Musik \u201cNordmann &amp; Spencker\u201d<\/p>\n<p><strong>2012<\/strong><br \/>\nProjektstart \u201cVan Tied to Tied\u201d zum Ostfriesischen Themenjahr \u201cLand der Entdeckungen\u201d<br \/>\nGr\u00fcndung \u201cJazzaneo\u201d<br \/>\nSeit 2013\u00a0\u2028Lehrer an der Musikschule der Stadt Wolfsburg<\/p>\n<p><strong>2013 \u2013 14<\/strong><br \/>\nMit \u201cVan Tied to Tied\u201d unterwegs; umfangreiche Berichterstattung in Presse und Radio<br \/>\nVer\u00f6ffentlichung der Solo CD \u201cTrue\u201d<br \/>\nStart der Reihe \u201cTonhallenkonzerte\u201d<br \/>\nDuo Klaus Spencker &amp; Peter Schwebs<br \/>\nZahlreiche Konzerte mit der Big Band \u201cFette Hupe\u201d<\/p>\n<p><strong>2015<br \/>\n<\/strong>CD Release Fette Hupe \u2013 \u201cGodchild\u201d<br \/>\nDuke Ellington Sacred Concerts \u2013 Fette Hupe &amp; Junges Vokalensemble Hannover, \u00a0u.a. Jazztime Hildesheim, Nieders\u00e4chsische Musiktage, CD Produktion<br \/>\n\u201cElements\u201d \u2013 Jazzwoche Hannover<\/p>\n<p><strong>2016<br \/>\n<\/strong>CD: Duke Ellington \u2013 Sacred Concerts<br \/>\nJunges Vokalensemble Hannover &amp; Fette Hupe<br \/>\nKlaus Spencker Trio \u2013 Jazztime Hildesheim<br \/>\nWolfsburg: \u201eCrowd Above Nine\u201c \u2013 Studioaufnahmen und Festival \u201eRock im Allerpark\u201c<br \/>\nUnterwegs mit \u00a0\u201eFette Hupe\u201c<\/p>\n<p><strong><br \/>\nAktuelle Projekte:<\/strong><br \/>\n<a title=\"Klaus Spencker Trio\" href=\"http:\/\/www.spencker.de\/wp\/?page_id=886\" target=\"_blank\"> Klaus Spencker Trio<\/a><br \/>\n<a title=\"Big Band Fette Hupe\" href=\"http:\/\/www.fettehupe.de\/\" target=\"_blank\"> Fette Hupe<\/a><br \/>\n<a title=\"Nordmann &amp; Spencker Work of Art\" href=\"http:\/\/www.spencker.de\/wp\/?p=619#more-619\" target=\"_blank\"> Nils Nordmann &amp; Klaus Spencker<\/a><br \/>\nElements<\/p>\n<p>&nbsp;<\/p>\n<h2>Pressestimmen \u2013 Zitate und Artikel<\/h2>\n<p>\u201cEin Dezember, der gern ein ganzes Jahr andauern darf. Oder, wenn\u2019s nach mir ginge, ein ganzes Leben.\u201d <em>(Alexander Schmitz, Jazzpodium)<\/em><\/p>\n<p>\u201cEin Virtuose der sanften T\u00f6ne \u2013 Der transparente Ton und das sanfte Kolorit von Spenckers Gitarre und das virtuose Wechselspiel mit Kontrabass und Schlagzeug l\u00e4sst nicht nur weiche Schwingungen und Rhythmen entstehen, sondem erschafft zugleich Klangbilder voller gelebter Energie. Und auch wenn Melancholie ein latenter Begleiter des Jazz-Trios ist, der \u201cDezember\u201d bleibt bei Spencker kein farbloser oder gar kalter Monat.\u201d\u00a0<em>(Ostfrieslandmagazin Juli 2011)<\/em><\/p>\n<p>\u201cSaitenvirtuose l\u00e4sst Jazz-Szene aufhorchen.\u201d\u00a0<em>(Sonntagsblatt)<\/em><\/p>\n<p>\u201cErwartungen beim Heimspiel exzellent erf\u00fcllt.\u201d\u00a0<em>(Heimatblatt Aurich)<\/em><\/p>\n<p>[&#8230;] gl\u00e4nzt sein Berliner Kollege Klaus Spencker auf \u201cDecember\u201d (A-Jazz \/ NRW-Vertrieb) mit weichem, luzid-transparentem Ton. Ganz in der Tradition modernen Guitar-Mainstreams gelingt es ihm mit Unterst\u00fctzung des Dreamteams Marc Muellbauer (Bass) und Heinrich K\u00f6berling (Drums), zauberhaft leichte Klangbilder von latenter Melancholie zu zeichnen. Eine beachtliche CD des Berklee-Absolventen [&#8230;].\u00a0<em>(\u201chifi &amp; records\u201d Ausgabe 4\/2010)<\/em><\/p>\n<p>\u201cEin Konzert wie ein guter Roman [&#8230;] Dabei kreiert das Trio Schwingungen und Rhythmen, die sich im angenehmen Spektrum von dezent bis gut h\u00f6rbar breit machen. Dass die drei Musiker es dabei schaffen, trotz dieser zur\u00fcckgenommenen Lautst\u00e4rke Dynamik, Groove und Druck zu erzeugen, ist gro\u00dfes Kino. So entstehen auch die n\u00f6tigen Spannungsb\u00f6gen, die das Konzert zu keiner Sekunde langweilig werden lassen und das Publikum animieren, noch mehr zu wollen.\u201d\u00a0<em>(Hildesheimer Allgemeine Zeitung)<\/em><\/p>\n<p>\u201c[\u2026] um als Geschichtenerz\u00e4hler auf der Gitarre an die Spitze der deutschen Jazzgitarreninnung zur\u00fcckzukehren. Spenckers Eigenkompositionen auf December haben durchweg den Balladenton und vertrauen der Langsamkeit lyrischen Erz\u00e4hlens.\u00a0<em>(Kieler Nachrichten)<\/em><\/p>\n<p>\u201cHier hat ein Musiker zweifellos seine ureigene Klangsprache gefunden.\u201d<br \/>\n<em>(Online Portal \u201eunser L\u00fcbeck\u201c)<\/em><\/p>\n<p>&nbsp;<\/p>\n<h2>Person, Stil und Klang<\/h2>\n<p>Der in Aurich geborene und in Hannover lebende Jazzgitarrist Klaus Spencker studierte an der Musikhochschule Hannover und am Berklee College in Boston (USA). Zahlreiche Clinics, Workshops und Privatstudien bei u. a. John Abercrombie, Mick Goodrick, Peter O\u2019 Mara und Thomas Brendgens-M\u00f6nkemeyer rundeten seine Ausbildung ab. Er ist Dozent f\u00fcr Jazz und Rockgitarre an der Universit\u00e4t Hildesheim. Eine breitere \u00d6ffentlichkeit erreichte er zuletzt mit dem Klaus Spencker Trio mit dem er 2010\/11 das Album \u201eDecember\u201c vorstellte.<\/p>\n<p>Klaus Spenckers Ton ist weich, transparent und klar. Er spielt Gitarre und doch scheint es, als w\u00fcrden seine T\u00f6ne nicht aus dem Holz und Stahl seines elektrischen Instruments flie\u00dfen, sondern direkt aus ihm selbst. Jazz, der aus der W\u00e4rme kommt.<\/p>\n<p>Er besetzt ein Terrain, das auf der deutschen Jazzszene noch weitgehend unbesetzt ist. Sein sanftes Kolorit funktioniert wie ein Aquarell. In seiner Jugend besch\u00e4ftigte sich Spencker vor allem mit Folk und akustischer Musik. Zum Jazz kam er nicht zuletzt durch den Einfluss von Klangimpressionisten wie Pat Metheny und John Abercrombie, deren Geschichten immer ein St\u00fcck \u00fcber das im Jazz Absehbare hinausgehen.<\/p>\n<p>Seine Tonbildung ist sehr von der akustischen Gitarre gepr\u00e4gt, da er in den ersten Jahren Unterricht auf der Konzertgitarre hatte. Dies hat seine Arbeit mit der linken und rechten Hand, seinen Anschlag und seine Tonbildung beeinflusst.<\/p>\n<p>&nbsp;<\/p>\n","protected":false},"excerpt":{"rendered":"<p>Klaus Spencker Jahrgang 1964. Geboren in Aurich. Jazzgitarrist und Dipl. Musikp\u00e4dagoge Dozent f\u00fcr E \u2013 Gitarre an der Universit\u00e4t Hildesheim Designer www.spencker.de Biografisches 1985 &#8211; 86 Carl von Ossietzky Universit\u00e4t Oldenburg, Studium Musik und Deutsch 1987 &#8211; 91 Musikhochschule Hannover, &hellip; <a href=\"https:\/\/www.van-tied-to-tied.de\/?page_id=9\">Lesen fortsetzen <span class=\"meta-nav\">&rarr;<\/span><\/a><\/p>\n","protected":false},"author":1,"featured_media":0,"parent":0,"menu_order":3,"comment_status":"closed","ping_status":"closed","template":"","meta":[],"_links":{"self":[{"href":"https:\/\/www.van-tied-to-tied.de\/index.php?rest_route=\/wp\/v2\/pages\/9"}],"collection":[{"href":"https:\/\/www.van-tied-to-tied.de\/index.php?rest_route=\/wp\/v2\/pages"}],"about":[{"href":"https:\/\/www.van-tied-to-tied.de\/index.php?rest_route=\/wp\/v2\/types\/page"}],"author":[{"embeddable":true,"href":"https:\/\/www.van-tied-to-tied.de\/index.php?rest_route=\/wp\/v2\/users\/1"}],"replies":[{"embeddable":true,"href":"https:\/\/www.van-tied-to-tied.de\/index.php?rest_route=%2Fwp%2Fv2%2Fcomments&post=9"}],"version-history":[{"count":36,"href":"https:\/\/www.van-tied-to-tied.de\/index.php?rest_route=\/wp\/v2\/pages\/9\/revisions"}],"predecessor-version":[{"id":791,"href":"https:\/\/www.van-tied-to-tied.de\/index.php?rest_route=\/wp\/v2\/pages\/9\/revisions\/791"}],"wp:attachment":[{"href":"https:\/\/www.van-tied-to-tied.de\/index.php?rest_route=%2Fwp%2Fv2%2Fmedia&parent=9"}],"curies":[{"name":"wp","href":"https:\/\/api.w.org\/{rel}","templated":true}]}}

<p>Klaus Spencker<br />
Jahrgang 1964. Geboren in Aurich.</p>
<p>Jazzgitarrist und Dipl. Musikpädagoge<br />
Dozent für E – Gitarre an der Universität Hildesheim<br />
Designer</p>
<p><a title="Homepage Klaus Spencker" href="http://www.spencker.de" target="_blank">www.spencker.de</a></p>
<h2>Biografisches</h2>
<p><strong><a href="http://www.briese.spencker.de/wp-content/uploads/2012/04/Klaus-Spencker02_250.jpg"><br />
</a><a href="http://www.briese.spencker.de/wp-content/uploads/2012/04/Klaus-Spencker09_250.jpg"><img decoding="async" loading="lazy" class="alignnone size-full wp-image-192" title="Klaus-Spencker09_250" src="http://www.briese.spencker.de/wp-content/uploads/2012/04/Klaus-Spencker09_250.jpg" alt="" width="250" height="234" /></a></strong></p>
<p><strong>1985 &#8211; 86<br />
</strong>Carl von Ossietzky Universität Oldenburg, Studium Musik und Deutsch</p>
<p><strong>1987 &#8211; 91</strong><br />
Musikhochschule Hannover, Diplomstudiengang Popularmusik<br />
Musikhochschule Hamburg, Kontaktstudium Popularmusik</p>
<p><strong>seit 1990</strong><br />
Dozent für E – Gitarre an der Universität Hildesheim</p>
<p><strong>1990 &#8211; 94</strong><br />
Freier Musiker<br />
CD Produktion <a title="CD Invisible" href="http://www.spencker.de/wp/?page_id=2" target="_blank">&#8222;Invisible&#8220;</a> &#8211; Klaus Spencker Trio mit Olaf Casimir und Willi Hanne<br />
Workshops u.a. bei Jim Hall und John Abercrombie<br />
Förderpreis Internationaler Jazzworkshop Trier</p>
<p><strong>1995 &#8211; 96</strong><br />
Stipendiat am Berklee College of Music in Boston/USA, Performance</p>
<p>Studium, Privatunterricht und Clinics bei:<br />
Ed Tomassi, Hal Crook, Rick Peckham, John Damien, Mick Goodrick, Jim Hall, John Scofield, John Abercrombie, Pat Martino, Dave Liebmann und Joe Lovano;</p>
<p>Awards und Stipendien:<br />
Berklee in Germany Scholarship<br />
Berklee Best Scholarship<br />
Chair Award des Berklee Guitar Departments</p>
<p>Mitglied des Berklee Concert Jazz Orchesters 1995/96, Lt. Greg Hopkins;</p>
<p><strong>1997 &#8211; 2000</strong><br />
Freier Musiker mit Wohnsitz in Berlin<br />
CD Produktion <a title="CD Somewhere in America" href="http://www.spencker.de/wp/?page_id=2" target="_blank">&#8222;Somewhere in America&#8220;</a> &#8211; Klaus Spencker Quartett mit Wolf Kerschek, Andreas Henze und Bertram Lehmann<br />
Mitwirkung in Produktionen am Deutschen Theater Göttingen und Berlin</p>
<p><strong>2000 &#8211; 2009</strong><br />
Designer, Entwickler und Art Director u. a. für die Berliner online Kommunikationsagentur A&amp;B face2net<br />
Online Projekte und Kampagnen u. a. für die SPD und die Bundesministerien für Wirtschaft, Gesundheit, Arbeit &amp; Soziales<br />
In diesem Zusammenhang beteiligt an drei Online &#8211; Bundestagswahlkämpfen der SPD</p>
<p>Deutscher Multimedia Award 2006 (A&amp;B face2net)<br />
Annual Multimedia 2007 (A&amp;B face2net)<br />
Shortlist Deutscher PR Preis 2008 (A&amp;B face2net, A&amp;B One)</p>
<p><strong>2010 – 11<br />
</strong>CD Produktion “December” – Klaus Spencker Trio mit Marc Muellbauer und Heinrich Köbberling<br />
Div. Gastspiele, u. a. beim Musikalischen Sommer Ostfriesland und auf der Jazzwoche Hannover<br />
Einstieg bei der Big Band “Fette Hupe”<br />
Gründung des Duos für experimentelle elektronische Musik “Nordmann &amp; Spencker”</p>
<p><strong>2012</strong><br />
Projektstart “Van Tied to Tied” zum Ostfriesischen Themenjahr “Land der Entdeckungen”<br />
Gründung “Jazzaneo”<br />
Seit 2013  Lehrer an der Musikschule der Stadt Wolfsburg</p>
<p><strong>2013 – 14</strong><br />
Mit “Van Tied to Tied” unterwegs; umfangreiche Berichterstattung in Presse und Radio<br />
Veröffentlichung der Solo CD “True”<br />
Start der Reihe “Tonhallenkonzerte”<br />
Duo Klaus Spencker &amp; Peter Schwebs<br />
Zahlreiche Konzerte mit der Big Band “Fette Hupe”</p>
<p><strong>2015<br />
</strong>CD Release Fette Hupe – “Godchild”<br />
Duke Ellington Sacred Concerts – Fette Hupe &amp; Junges Vokalensemble Hannover,  u.a. Jazztime Hildesheim, Niedersächsische Musiktage, CD Produktion<br />
“Elements” – Jazzwoche Hannover</p>
<p><strong>2016<br />
</strong>CD: Duke Ellington – Sacred Concerts<br />
Junges Vokalensemble Hannover &amp; Fette Hupe<br />
Klaus Spencker Trio – Jazztime Hildesheim<br />
Wolfsburg: „Crowd Above Nine“ – Studioaufnahmen und Festival „Rock im Allerpark“<br />
Unterwegs mit  „Fette Hupe“</p>
<p><strong><br />
Aktuelle Projekte:</strong><br />
<a title="Klaus Spencker Trio" href="http://www.spencker.de/wp/?page_id=886" target="_blank"> Klaus Spencker Trio</a><br />
<a title="Big Band Fette Hupe" href="http://www.fettehupe.de/" target="_blank"> Fette Hupe</a><br />
<a title="Nordmann &amp; Spencker Work of Art" href="http://www.spencker.de/wp/?p=619#more-619" target="_blank"> Nils Nordmann &amp; Klaus Spencker</a><br />
Elements</p>
<p>&nbsp;</p>
<h2>Pressestimmen – Zitate und Artikel</h2>
<p>“Ein Dezember, der gern ein ganzes Jahr andauern darf. Oder, wenn’s nach mir ginge, ein ganzes Leben.” <em>(Alexander Schmitz, Jazzpodium)</em></p>
<p>“Ein Virtuose der sanften Töne – Der transparente Ton und das sanfte Kolorit von Spenckers Gitarre und das virtuose Wechselspiel mit Kontrabass und Schlagzeug lässt nicht nur weiche Schwingungen und Rhythmen entstehen, sondem erschafft zugleich Klangbilder voller gelebter Energie. Und auch wenn Melancholie ein latenter Begleiter des Jazz-Trios ist, der “Dezember” bleibt bei Spencker kein farbloser oder gar kalter Monat.” <em>(Ostfrieslandmagazin Juli 2011)</em></p>
<p>“Saitenvirtuose lässt Jazz-Szene aufhorchen.” <em>(Sonntagsblatt)</em></p>
<p>“Erwartungen beim Heimspiel exzellent erfüllt.” <em>(Heimatblatt Aurich)</em></p>
<p>[&#8230;] glänzt sein Berliner Kollege Klaus Spencker auf “December” (A-Jazz / NRW-Vertrieb) mit weichem, luzid-transparentem Ton. Ganz in der Tradition modernen Guitar-Mainstreams gelingt es ihm mit Unterstützung des Dreamteams Marc Muellbauer (Bass) und Heinrich Köberling (Drums), zauberhaft leichte Klangbilder von latenter Melancholie zu zeichnen. Eine beachtliche CD des Berklee-Absolventen [&#8230;]. <em>(“hifi &amp; records” Ausgabe 4/2010)</em></p>
<p>“Ein Konzert wie ein guter Roman [&#8230;] Dabei kreiert das Trio Schwingungen und Rhythmen, die sich im angenehmen Spektrum von dezent bis gut hörbar breit machen. Dass die drei Musiker es dabei schaffen, trotz dieser zurückgenommenen Lautstärke Dynamik, Groove und Druck zu erzeugen, ist großes Kino. So entstehen auch die nötigen Spannungsbögen, die das Konzert zu keiner Sekunde langweilig werden lassen und das Publikum animieren, noch mehr zu wollen.” <em>(Hildesheimer Allgemeine Zeitung)</em></p>
<p>“[…] um als Geschichtenerzähler auf der Gitarre an die Spitze der deutschen Jazzgitarreninnung zurückzukehren. Spenckers Eigenkompositionen auf December haben durchweg den Balladenton und vertrauen der Langsamkeit lyrischen Erzählens. <em>(Kieler Nachrichten)</em></p>
<p>“Hier hat ein Musiker zweifellos seine ureigene Klangsprache gefunden.”<br />
<em>(Online Portal „unser Lübeck“)</em></p>
<p>&nbsp;</p>
<h2>Person, Stil und Klang</h2>
<p>Der in Aurich geborene und in Hannover lebende Jazzgitarrist Klaus Spencker studierte an der Musikhochschule Hannover und am Berklee College in Boston (USA). Zahlreiche Clinics, Workshops und Privatstudien bei u. a. John Abercrombie, Mick Goodrick, Peter O’ Mara und Thomas Brendgens-Mönkemeyer rundeten seine Ausbildung ab. Er ist Dozent für Jazz und Rockgitarre an der Universität Hildesheim. Eine breitere Öffentlichkeit erreichte er zuletzt mit dem Klaus Spencker Trio mit dem er 2010/11 das Album „December“ vorstellte.</p>
<p>Klaus Spenckers Ton ist weich, transparent und klar. Er spielt Gitarre und doch scheint es, als würden seine Töne nicht aus dem Holz und Stahl seines elektrischen Instruments fließen, sondern direkt aus ihm selbst. Jazz, der aus der Wärme kommt.</p>
<p>Er besetzt ein Terrain, das auf der deutschen Jazzszene noch weitgehend unbesetzt ist. Sein sanftes Kolorit funktioniert wie ein Aquarell. In seiner Jugend beschäftigte sich Spencker vor allem mit Folk und akustischer Musik. Zum Jazz kam er nicht zuletzt durch den Einfluss von Klangimpressionisten wie Pat Metheny und John Abercrombie, deren Geschichten immer ein Stück über das im Jazz Absehbare hinausgehen.</p>
<p>Seine Tonbildung ist sehr von der akustischen Gitarre geprägt, da er in den ersten Jahren Unterricht auf der Konzertgitarre hatte. Dies hat seine Arbeit mit der linken und rechten Hand, seinen Anschlag und seine Tonbildung beeinflusst.</p>
<p>&nbsp;</p>

<p>Klaus Spencker Jahrgang 1964. Geboren in Aurich. Jazzgitarrist und Dipl. Musikpädagoge Dozent für E – Gitarre an der Universität Hildesheim Designer www.spencker.de Biografisches 1985 &#8211; 86 Carl von Ossietzky Universität Oldenburg, Studium Musik und Deutsch 1987 &#8211; 91 Musikhochschule Hannover, &hellip; <a href="https://www.van-tied-to-tied.de/?page_id=9">Lesen fortsetzen <span class="meta-nav">&rarr;</span></a></p>
