{"id":2,"date":"2012-04-15T07:10:58","date_gmt":"2012-04-15T07:10:58","guid":{"rendered":"http:\/\/www.briese.spencker.de\/?page_id=2"},"modified":"2012-06-27T10:57:54","modified_gmt":"2012-06-27T10:57:54","slug":"beispiel-seite","status":"publish","type":"page","link":"https:\/\/www.van-tied-to-tied.de\/?page_id=2","title":{"rendered":"Der Dichter"},"content":{"rendered":"<p>Hans-Hermann Briese<br \/>\nJahrgang 1940. Geboren in Norden.<\/p>\n<p><a title=\"Homepage Hans-Hermann Briese\" href=\"http:\/\/www.docbriese.homepage.t-online.de\" target=\"_blank\">www.docbriese.homepage.t-online.de<\/a><\/p>\n<h2>Biografisches<\/h2>\n<p><a href=\"http:\/\/www.briese.spencker.de\/wp-content\/uploads\/2012\/06\/H-H_Briese_211011_bit_03_small.jpg\"><img decoding=\"async\" loading=\"lazy\" class=\"alignnone size-medium wp-image-227\" title=\"H-H_Briese_211011_bit_03\" src=\"http:\/\/www.briese.spencker.de\/wp-content\/uploads\/2012\/06\/H-H_Briese_211011_bit_03_small-199x300.jpg\" alt=\"\" width=\"199\" height=\"300\" srcset=\"https:\/\/www.van-tied-to-tied.de\/wp-content\/uploads\/2012\/06\/H-H_Briese_211011_bit_03_small-199x300.jpg 199w, https:\/\/www.van-tied-to-tied.de\/wp-content\/uploads\/2012\/06\/H-H_Briese_211011_bit_03_small.jpg 680w\" sizes=\"(max-width: 199px) 100vw, 199px\" \/><\/a><\/p>\n<p>Medizinstudium in Heidelberg<br \/>\nKlinikarzt als Chirurg<br \/>\nZuletzt Amtsarzt des Landkreises Aurich<br \/>\nLeiter der Gesundheits\u00e4mter Aurich und Norden<br \/>\nArzt f\u00fcr \u00f6ffentliches Gesundheitswesen, Chirurgie und Unfallchirurgie, Sportmedizin \u2013 Betriebsmedizin \u2013 Sozialmedizin<br \/>\nLeitender Medizinaldirektor \u2013 Flottenarzt der Reserve<\/p>\n<p>Schriftstellerische T\u00e4tigkeit seit 30 Jahren.<br \/>\nLyrik und Prosa \u00fcberwiegend in Plattdeutsch.<br \/>\nIn mehreren Literatur-Zirkeln, u.a. Schrieverkring Weser-Ems, Verband deutscher Schriftsteller.<br \/>\nZehn B\u00fccher.<br \/>\nIn mehr als 80 Anthologien.<br \/>\nPublikationen in Zeitungen, Magazinen, Journalen, Kalendern, u.a. \u201eVoss un Haas\u201c, Rostock.<\/p>\n<p><strong>seit 1992<br \/>\n<\/strong>Mitherausgeber der Literatur-Zeitschrift \u201eDIESEL \u2013 dat oostfreeske Bladdje\u201c<br \/>\nVertonung von Gedichten durch Gerd Pundt (1985 \u2013 1994)<br \/>\nVertonung von Gedicht-Zyklen: Christiaan Verhoog (Groningen\/Esens)<\/p>\n<p style=\"text-align: left;\"><strong>1994<\/strong><br \/>\nZyklus &#8222;Israel&#8220;<\/p>\n<p><strong>1995<\/strong><br \/>\nZyklus &#8222;Zirkus&#8220;<br \/>\nBeide Zyklen in \u201eNorddeutsche Chorlieder\u201c, CD Musica Son \u2013 MS-97001 (1997)<\/p>\n<p><strong>1998<br \/>\n<\/strong>&#8222;Unnerwegens in Marokko&#8220;<\/p>\n<p><strong>2009<br \/>\n<\/strong>&#8222;Fiev na twalv&#8220;<\/p>\n<p><strong>2011<br \/>\n<\/strong>&#8222;Stappen f\u00f6r Stimmen&#8220;<br \/>\nBilder, Musik, hdt. Gedichte: Kunstmappe mit CD \u201eZusammenklang\u201c mit Andy M\u00f6bius und Stefan Albert, Wien (Gitarre) S. Link auf meiner Homepage<\/p>\n<p><strong>2012<br \/>\n<\/strong>&#8222;Suite&#8220;\u00a0<em>Menuett- Valse &#8211; Marsch &#8211; Sarabande &#8211; Gigue<\/em><br \/>\nKomposition f\u00fcr gemischten Chor von Andreas Kleinert, Eres Choredition 3407 (2012) ISMN 979-0-2024-3407-9<\/p>\n<p>Mehrere Preise, u.a. Freudenthal-Preis, Borsla-Preis, Rundfunk-Preise, Keerlke-Preis, Totius-Frisiae-Medaille.<\/p>\n<div><\/div>\n","protected":false},"excerpt":{"rendered":"<p>Hans-Hermann Briese Jahrgang 1940. Geboren in Norden. www.docbriese.homepage.t-online.de Biografisches Medizinstudium in Heidelberg Klinikarzt als Chirurg Zuletzt Amtsarzt des Landkreises Aurich Leiter der Gesundheits\u00e4mter Aurich und Norden Arzt f\u00fcr \u00f6ffentliches Gesundheitswesen, Chirurgie und Unfallchirurgie, Sportmedizin \u2013 Betriebsmedizin \u2013 Sozialmedizin Leitender Medizinaldirektor &hellip; <a href=\"https:\/\/www.van-tied-to-tied.de\/?page_id=2\">Lesen fortsetzen <span class=\"meta-nav\">&rarr;<\/span><\/a><\/p>\n","protected":false},"author":1,"featured_media":0,"parent":0,"menu_order":2,"comment_status":"closed","ping_status":"closed","template":"","meta":[],"_links":{"self":[{"href":"https:\/\/www.van-tied-to-tied.de\/index.php?rest_route=\/wp\/v2\/pages\/2"}],"collection":[{"href":"https:\/\/www.van-tied-to-tied.de\/index.php?rest_route=\/wp\/v2\/pages"}],"about":[{"href":"https:\/\/www.van-tied-to-tied.de\/index.php?rest_route=\/wp\/v2\/types\/page"}],"author":[{"embeddable":true,"href":"https:\/\/www.van-tied-to-tied.de\/index.php?rest_route=\/wp\/v2\/users\/1"}],"replies":[{"embeddable":true,"href":"https:\/\/www.van-tied-to-tied.de\/index.php?rest_route=%2Fwp%2Fv2%2Fcomments&post=2"}],"version-history":[{"count":24,"href":"https:\/\/www.van-tied-to-tied.de\/index.php?rest_route=\/wp\/v2\/pages\/2\/revisions"}],"predecessor-version":[{"id":110,"href":"https:\/\/www.van-tied-to-tied.de\/index.php?rest_route=\/wp\/v2\/pages\/2\/revisions\/110"}],"wp:attachment":[{"href":"https:\/\/www.van-tied-to-tied.de\/index.php?rest_route=%2Fwp%2Fv2%2Fmedia&parent=2"}],"curies":[{"name":"wp","href":"https:\/\/api.w.org\/{rel}","templated":true}]}}